{"id":1248,"date":"2023-01-04T18:02:12","date_gmt":"2023-01-04T18:02:12","guid":{"rendered":"https:\/\/ortosenior.com.br\/?post_type=product&#038;p=1248"},"modified":"2025-01-02T16:35:51","modified_gmt":"2025-01-02T16:35:51","slug":"barra-de-apoio-ortopedica-de-parede-bap60","status":"publish","type":"product","link":"https:\/\/ortosenior.com.br\/?product=barra-de-apoio-ortopedica-de-parede-bap60","title":{"rendered":"Barra de apoio ortop\u00e9dica de parede \u2013 60 cm"},"content":{"rendered":"<p>Benef\u00edcios:<\/p>\n<p>As barras evitam quedas, garantem a seguran\u00e7a e oferecem suporte para o usu\u00e1rio. Podem ser utilizadas em banheiros p\u00fablicos ou privados. Em hospitais, as barras de apoio oferecem aux\u00edlio para pessoas que acabaram de passar por procedimentos cir\u00fargicos.<\/p>\n<p>Tubo de a\u00e7o galvanizado, arruela de a\u00e7o galvanizado, parafusos de a\u00e7o, buchas pl\u00e1sticas e arruelas de borracha.<\/p>\n<table width=\"552\">\n<tbody>\n<tr>\n<td width=\"110\">Refer\u00eancia<\/td>\n<td width=\"161\">C\u00f3digo<\/td>\n<td width=\"173\">N\u00ba registro Anvisa<\/td>\n<td width=\"108\">NCM<\/td>\n<\/tr>\n<tr>\n<td width=\"110\">BAP60<\/td>\n<td width=\"161\">PA000400200439<\/td>\n<td width=\"173\">80457459001<\/td>\n<td width=\"108\">9021.10.10<\/td>\n<\/tr>\n<\/tbody>\n<\/table>\n<p>&nbsp;<\/p>\n<table width=\"552\">\n<tbody>\n<tr>\n<td width=\"153\">Tamanho \/ Uso<\/td>\n<td width=\"168\">Resist\u00eancia<\/td>\n<td width=\"142\">Comprimento<\/td>\n<td width=\"89\">Largura<\/td>\n<\/tr>\n<tr>\n<td width=\"153\">Variado \/ Geral<\/td>\n<td width=\"168\">Peso m\u00e1x. 130Kg<\/td>\n<td width=\"142\">60cm<\/td>\n<td width=\"89\">N\/A<\/td>\n<\/tr>\n<\/tbody>\n<\/table>\n<p>&nbsp;<\/p>\n<table width=\"552\">\n<tbody>\n<tr>\n<td width=\"110\">Unidade<\/td>\n<td width=\"149\">Peso (Pe\u00e7a)<\/td>\n<td width=\"293\">Embalagem<\/td>\n<\/tr>\n<tr>\n<td width=\"110\">Pe\u00e7a<\/td>\n<td width=\"149\">0,70Kg<\/td>\n<td width=\"293\">Saco pl\u00e1stico (unit\u00e1rio)<\/p>\n<p>Caixa de papel\u00e3o (m\u00faltiplo)<\/td>\n<\/tr>\n<\/tbody>\n<\/table>\n","protected":false},"excerpt":{"rendered":"<p>Tubo de a\u00e7o galvanizado de 1\u201d de di\u00e2metro soldado \u00e0 base de a\u00e7o galvanizado com fura\u00e7\u00e3o para fixa\u00e7\u00e3o e acabamento com pintura eletrost\u00e1tica.<\/p>\n<p>Acompanha kit para instala\u00e7\u00e3o composto por 4 buchas pl\u00e1sticas, 4 parafusos de a\u00e7o e 2 arruelas de borracha.<\/p>\n","protected":false},"featured_media":1249,"template":"","meta":{"om_disable_all_campaigns":false,"_monsterinsights_skip_tracking":false,"_monsterinsights_sitenote_active":false,"_monsterinsights_sitenote_note":"","_monsterinsights_sitenote_category":0,"_kadence_starter_templates_imported_post":false,"_kad_post_transparent":"default","_kad_post_title":"","_kad_post_layout":"default","_kad_post_sidebar_id":"","_kad_post_content_style":"default","_kad_post_vertical_padding":"default","_kad_post_feature":"","_kad_post_feature_position":"","_kad_post_header":false,"_kad_post_footer":false},"product_brand":[],"product_cat":[56,47],"product_tag":[],"class_list":{"0":"post-1248","1":"product","2":"type-product","3":"status-publish","4":"has-post-thumbnail","6":"product_cat-loja-de-produtos-medicos-e-ortopedicos-em-florianopolis-e-regiao","7":"product_cat-ortopedia","9":"first","10":"instock","11":"shipping-taxable","12":"purchasable","13":"product-type-simple","14":"entry","15":"content-bg","16":"loop-entry"},"aioseo_notices":[],"_links":{"self":[{"href":"https:\/\/ortosenior.com.br\/index.php?rest_route=\/wp\/v2\/product\/1248","targetHints":{"allow":["GET"]}}],"collection":[{"href":"https:\/\/ortosenior.com.br\/index.php?rest_route=\/wp\/v2\/product"}],"about":[{"href":"https:\/\/ortosenior.com.br\/index.php?rest_route=\/wp\/v2\/types\/product"}],"wp:featuredmedia":[{"embeddable":true,"href":"https:\/\/ortosenior.com.br\/index.php?rest_route=\/wp\/v2\/media\/1249"}],"wp:attachment":[{"href":"https:\/\/ortosenior.com.br\/index.php?rest_route=%2Fwp%2Fv2%2Fmedia&parent=1248"}],"wp:term":[{"taxonomy":"product_brand","embeddable":true,"href":"https:\/\/ortosenior.com.br\/index.php?rest_route=%2Fwp%2Fv2%2Fproduct_brand&post=1248"},{"taxonomy":"product_cat","embeddable":true,"href":"https:\/\/ortosenior.com.br\/index.php?rest_route=%2Fwp%2Fv2%2Fproduct_cat&post=1248"},{"taxonomy":"product_tag","embeddable":true,"href":"https:\/\/ortosenior.com.br\/index.php?rest_route=%2Fwp%2Fv2%2Fproduct_tag&post=1248"}],"curies":[{"name":"wp","href":"https:\/\/api.w.org\/{rel}","templated":true}]}}