{"id":1250,"date":"2023-01-04T18:07:26","date_gmt":"2023-01-04T18:07:26","guid":{"rendered":"https:\/\/ortosenior.com.br\/?post_type=product&#038;p=1250"},"modified":"2025-01-02T16:35:42","modified_gmt":"2025-01-02T16:35:42","slug":"muleta-axilar-de-aluminio-com-facil-regulagem-m410","status":"publish","type":"product","link":"https:\/\/ortosenior.com.br\/?product=muleta-axilar-de-aluminio-com-facil-regulagem-m410","title":{"rendered":"Muleta axilar de alum\u00ednio com f\u00e1cil regulagem AT\u00c9 100KG"},"content":{"rendered":"<p>Como usar a muleta de maneira correta:<\/p>\n<p>Ajustar a muleta de maneira que os cotovelos fiquem levemente flexionados em aproximadamente 30 graus quando as m\u00e3os estiverem apoiadas na muleta.<\/p>\n<p>Manter cuidado ao usar em terreno escorregadio.<\/p>\n<p>Garantia fornecida pelo fabricante.<\/p>\n<p>Tubos de alum\u00ednio, apoio axilar e apoio de m\u00e3o anat\u00f4micos de pl\u00e1stico estrutural (polipropileno interno) e pl\u00e1stico macio (PVC externo), pino de a\u00e7o, parafuso de a\u00e7o, porca de a\u00e7o, arruela de a\u00e7o e borracha.<\/p>\n","protected":false},"excerpt":{"rendered":"<p>Tubos laterais de alum\u00ednio 3\/4\u201ccom 3 furos para regulagem de altura do apoio de m\u00e3o encaixado entre os tubos.<\/p>\n<p>Apoio axilar anat\u00f4mico de pl\u00e1stico estrutural interno (polipropileno) e pl\u00e1stico macio externo (PVC) encaixado nos tubos laterais<\/p>\n","protected":false},"featured_media":1251,"template":"","meta":{"om_disable_all_campaigns":false,"_monsterinsights_skip_tracking":false,"_monsterinsights_sitenote_active":false,"_monsterinsights_sitenote_note":"","_monsterinsights_sitenote_category":0,"_kadence_starter_templates_imported_post":false,"_kad_post_transparent":"default","_kad_post_title":"","_kad_post_layout":"default","_kad_post_sidebar_id":"","_kad_post_content_style":"default","_kad_post_vertical_padding":"default","_kad_post_feature":"","_kad_post_feature_position":"","_kad_post_header":false,"_kad_post_footer":false},"product_brand":[],"product_cat":[56,47],"product_tag":[],"class_list":{"0":"post-1250","1":"product","2":"type-product","3":"status-publish","4":"has-post-thumbnail","6":"product_cat-loja-de-produtos-medicos-e-ortopedicos-em-florianopolis-e-regiao","7":"product_cat-ortopedia","9":"first","10":"instock","11":"shipping-taxable","12":"purchasable","13":"product-type-simple","14":"entry","15":"content-bg","16":"loop-entry"},"aioseo_notices":[],"_links":{"self":[{"href":"https:\/\/ortosenior.com.br\/index.php?rest_route=\/wp\/v2\/product\/1250","targetHints":{"allow":["GET"]}}],"collection":[{"href":"https:\/\/ortosenior.com.br\/index.php?rest_route=\/wp\/v2\/product"}],"about":[{"href":"https:\/\/ortosenior.com.br\/index.php?rest_route=\/wp\/v2\/types\/product"}],"wp:featuredmedia":[{"embeddable":true,"href":"https:\/\/ortosenior.com.br\/index.php?rest_route=\/wp\/v2\/media\/1251"}],"wp:attachment":[{"href":"https:\/\/ortosenior.com.br\/index.php?rest_route=%2Fwp%2Fv2%2Fmedia&parent=1250"}],"wp:term":[{"taxonomy":"product_brand","embeddable":true,"href":"https:\/\/ortosenior.com.br\/index.php?rest_route=%2Fwp%2Fv2%2Fproduct_brand&post=1250"},{"taxonomy":"product_cat","embeddable":true,"href":"https:\/\/ortosenior.com.br\/index.php?rest_route=%2Fwp%2Fv2%2Fproduct_cat&post=1250"},{"taxonomy":"product_tag","embeddable":true,"href":"https:\/\/ortosenior.com.br\/index.php?rest_route=%2Fwp%2Fv2%2Fproduct_tag&post=1250"}],"curies":[{"name":"wp","href":"https:\/\/api.w.org\/{rel}","templated":true}]}}