{"id":1462,"date":"2024-07-15T00:35:51","date_gmt":"2024-07-15T00:35:51","guid":{"rendered":"https:\/\/ortosenior.com.br\/?post_type=product&#038;p=1462"},"modified":"2025-01-02T16:34:12","modified_gmt":"2025-01-02T16:34:12","slug":"imobilizador-de-tornozelo-bilateral-aircast-ortho-pauher","status":"publish","type":"product","link":"https:\/\/ortosenior.com.br\/?product=imobilizador-de-tornozelo-bilateral-aircast-ortho-pauher","title":{"rendered":"Imobilizador de Tornozelo Bilateral AirCast- ORTHO PAUHER. P-M-G"},"content":{"rendered":"<p>A Tornozeleira PauherCast \u00e9 uma \u00f3rtese para preven\u00e7\u00e3o de tor\u00e7\u00f5es, les\u00f5es e traumas no tornozelo sendo especialmente indicada para pr\u00e1tica esportiva. PauherCast possui duas hastes de alta resist\u00eancia em formato de conchas anat\u00f4micas que restringem os movimentos de invers\u00e3o e evers\u00e3o do tornozelo proporcionando estabilidade e suporte aos mesmo. Possui almofada lateral macia para o conforto do usu\u00e1rio. PauherCast \u00e9 de pr\u00e1tica coloca\u00e7\u00e3o, extremamente leve e possui design Ultra Slim podendo ser utilizado dentro do t\u00eanis e sapato.<br \/>\nPreven\u00e7\u00e3o de tor\u00e7\u00f5es, les\u00f5es e traumas no tornozelo<br \/>\nEstabiliza\u00e7\u00e3o e suporte do tornozelo<br \/>\nEspecialmente indicada para pr\u00e1tica esportiva<br \/>\nCaracter\u00edsticas<br \/>\nTalas de alta resist\u00eancia em formato de conchas anat\u00f4micas que restringem os movimentos de invers\u00e3o e evers\u00e3o do tornozelo<br \/>\nPr\u00e1tico, leve e com design Ultra Slim podendo ser utilizado dentro do t\u00eanis e sapato<br \/>\nPossui Almofadas Laterais Macias para o conforto do usu\u00e1rio<br \/>\nFechos aderentes<br \/>\nAnat\u00f4mico e confort\u00e1vel<br \/>\nN\u00e3o inclui a meia<\/p>\n<p>Especifica\u00e7\u00f5es<br \/>\nCont\u00e9m: 01 Unidade<br \/>\nModelo: AC080<br \/>\nBilateral (serve para lado esquerdo e direito)<\/p>\n<p>ANVISA 80223340007<br \/>\nComposi\u00e7\u00e3o: Pol\u00edmero de Alta Resist\u00eancia, EVA e Velcro<br \/>\nGarantia contra defeito(s) de fabrica\u00e7\u00e3o: 3 meses<\/p>\n<p>Tabela de Medidas<br \/>\nTamanho Comprimentoda \u00d3rtese<br \/>\nM 22,5cm<br \/>\nG 26cm<\/p>\n","protected":false},"excerpt":{"rendered":"<p>Imobilizador de Tornozelo Bilateral AirCast- ORTHO PAUHER<\/p>\n","protected":false},"featured_media":1463,"template":"","meta":{"om_disable_all_campaigns":false,"_monsterinsights_skip_tracking":false,"_monsterinsights_sitenote_active":false,"_monsterinsights_sitenote_note":"","_monsterinsights_sitenote_category":0,"_kadence_starter_templates_imported_post":false,"_kad_post_transparent":"default","_kad_post_title":"","_kad_post_layout":"default","_kad_post_sidebar_id":"","_kad_post_content_style":"default","_kad_post_vertical_padding":"default","_kad_post_feature":"","_kad_post_feature_position":"","_kad_post_header":false,"_kad_post_footer":false},"product_brand":[],"product_cat":[56,47],"product_tag":[],"class_list":{"0":"post-1462","1":"product","2":"type-product","3":"status-publish","4":"has-post-thumbnail","6":"product_cat-loja-de-produtos-medicos-e-ortopedicos-em-florianopolis-e-regiao","7":"product_cat-ortopedia","9":"first","10":"instock","11":"shipping-taxable","12":"purchasable","13":"product-type-simple","14":"entry","15":"content-bg","16":"loop-entry"},"aioseo_notices":[],"_links":{"self":[{"href":"https:\/\/ortosenior.com.br\/index.php?rest_route=\/wp\/v2\/product\/1462","targetHints":{"allow":["GET"]}}],"collection":[{"href":"https:\/\/ortosenior.com.br\/index.php?rest_route=\/wp\/v2\/product"}],"about":[{"href":"https:\/\/ortosenior.com.br\/index.php?rest_route=\/wp\/v2\/types\/product"}],"wp:featuredmedia":[{"embeddable":true,"href":"https:\/\/ortosenior.com.br\/index.php?rest_route=\/wp\/v2\/media\/1463"}],"wp:attachment":[{"href":"https:\/\/ortosenior.com.br\/index.php?rest_route=%2Fwp%2Fv2%2Fmedia&parent=1462"}],"wp:term":[{"taxonomy":"product_brand","embeddable":true,"href":"https:\/\/ortosenior.com.br\/index.php?rest_route=%2Fwp%2Fv2%2Fproduct_brand&post=1462"},{"taxonomy":"product_cat","embeddable":true,"href":"https:\/\/ortosenior.com.br\/index.php?rest_route=%2Fwp%2Fv2%2Fproduct_cat&post=1462"},{"taxonomy":"product_tag","embeddable":true,"href":"https:\/\/ortosenior.com.br\/index.php?rest_route=%2Fwp%2Fv2%2Fproduct_tag&post=1462"}],"curies":[{"name":"wp","href":"https:\/\/api.w.org\/{rel}","templated":true}]}}