{"id":1508,"date":"2024-07-16T01:14:06","date_gmt":"2024-07-16T01:14:06","guid":{"rendered":"https:\/\/ortosenior.com.br\/?post_type=product&#038;p=1508"},"modified":"2025-01-02T16:33:17","modified_gmt":"2025-01-02T16:33:17","slug":"bota-imobilizadora-injetada-longa-2","status":"publish","type":"product","link":"https:\/\/ortosenior.com.br\/?product=bota-imobilizadora-injetada-longa-2","title":{"rendered":"TIPOIA IMOBILIZADORA OMBRO.P-M-G e GG"},"content":{"rendered":"<p>Indica\u00e7\u00e3o de Uso<br \/>\n\u2022 Imobiliza\u00e7\u00e3o do ombro<br \/>\n\u2022 Clav\u00edcula<br \/>\n\u2022 Cotovelo<br \/>\n\u2022 Bra\u00e7o<br \/>\n\u2022 Antebra\u00e7o<br \/>\n\u2022 Sustenta\u00e7\u00e3o do Membro com Instabilidade<br \/>\n\u2022 Artrite Reumatoide<br \/>\n\u2022 Fratura de Colo do \u00damero e Cotovelo<br \/>\n\u2022 Contus\u00f5es<br \/>\n\u2022 Luxa\u00e7\u00f5es<br \/>\n\u2022 Sequelas de Ave (acidente vascular encef\u00e1lico)<br \/>\n\u2022 Per\u00edodo P\u00f3s-Operat\u00f3rio<br \/>\n\u2022 Apoio para Gesso<\/p>\n<p>Instru\u00e7\u00f5es de Uso<br \/>\nSugerimos que o primeiro uso seja com o aux\u00edlio de outra pessoa:<br \/>\n1. Mantenha o cotovelo flexionado, segurando o punho com a outra m\u00e3o;<br \/>\n2. Ajustar a bolsa da tipoia tendo o seu cotovelo como refer\u00eancia na curvatura do produto;<br \/>\n3. Prenda as duas al\u00e7as nos fechos aderentes da bolsa;<br \/>\n4. Ajuste a tira que passar\u00e1 em volta do pesco\u00e7o, at\u00e9 que o bra\u00e7o fique em um \u00e2ngulo de 90\u00b0 e engate na fivela superior e na altura que o especialista recomendou;<br \/>\n5. Passe a tira que contorna a cintura e prenda no engate inferior.<br \/>\nCaracter\u00edsticas: Confeccionada em Brim estofado, duplo, vela pl\u00e1stica para manipula\u00e7\u00e3o com uma s\u00f3 m\u00e3o e fecho em velcro bilateral.<br \/>\nComposi\u00e7\u00e3o<br \/>\n85% algod\u00e3o, 10% polipropileno, 3% espuma de poliuretano e 2% poliamida<\/p>\n<p>Diferenciais e benef\u00edcios<br \/>\nQuais os benef\u00edcios da tipoia imobilizadora ORTOCENTER?<br \/>\n&#8211; Desenvolvida pensando na import\u00e2ncia do apoio seguro e confort\u00e1vel para um bom restabelecimento, quando necess\u00e1ria a imobiliza\u00e7\u00e3o do ombro, bra\u00e7o e antebra\u00e7o;<br \/>\n&#8211; A tipoia pode ser utilizada nos dois bra\u00e7os;<br \/>\n&#8211; Confeccionada em material resistente e lav\u00e1vel, possui al\u00e7as que podem ser ajustadas com apenas uma das m\u00e3os;<br \/>\n&#8211; Confeccionada em brim estofada e apresentada na colora\u00e7\u00e3o azul;<br \/>\n&#8211; Al\u00e7a regul\u00e1vel para ajuste de altura;<br \/>\n&#8211; Lav\u00e1vel.<br \/>\nAltura da embalagem (cm)<br \/>\n29<br \/>\nLargura da embalagem (cm)<br \/>\n20<br \/>\nProfundidade da embalagem (cm)<br \/>\n5<br \/>\nHigiene e Conserva\u00e7\u00e3o<br \/>\n&#8211; Lave manualmente com sab\u00e3o neutro em \u00e1gua at\u00e9 40\u00b0C;<br \/>\n&#8211; N\u00e3o lave ou seque em m\u00e1quina;<br \/>\n-N\u00e3o utilize produtos clorados;<br \/>\n&#8211; N\u00e3o utilize solventes;<br \/>\n&#8211; N\u00e3o passe a ferro nem utilize vaporiza\u00e7\u00e3o ou tratamento a vapor;<br \/>\n&#8211; N\u00e3o limpe a seco;<br \/>\n&#8211; Mantenha os fechos aderentes unidos ou cobertos para evitar danos ao produto;<br \/>\n&#8211; Quando n\u00e3o estiver em uso, conserve ao abrigo do calor, da luz e da umidade.<br \/>\nGarantia<br \/>\n3 meses<br \/>\nRegistro ANVISA\/M.S.<br \/>\n10335910006<\/p>\n","protected":false},"excerpt":{"rendered":"<p>TIPOIA IMOB DUPLO VELPEAU NYLON ESTOFADA<\/p>\n","protected":false},"featured_media":1509,"template":"","meta":{"om_disable_all_campaigns":false,"_monsterinsights_skip_tracking":false,"_monsterinsights_sitenote_active":false,"_monsterinsights_sitenote_note":"","_monsterinsights_sitenote_category":0,"_kadence_starter_templates_imported_post":false,"_kad_post_transparent":"default","_kad_post_title":"","_kad_post_layout":"default","_kad_post_sidebar_id":"","_kad_post_content_style":"default","_kad_post_vertical_padding":"default","_kad_post_feature":"","_kad_post_feature_position":"","_kad_post_header":false,"_kad_post_footer":false},"product_brand":[],"product_cat":[56,47,49],"product_tag":[],"class_list":{"0":"post-1508","1":"product","2":"type-product","3":"status-publish","4":"has-post-thumbnail","6":"product_cat-loja-de-produtos-medicos-e-ortopedicos-em-florianopolis-e-regiao","7":"product_cat-ortopedia","8":"product_cat-pos-operatorio","10":"first","11":"instock","12":"shipping-taxable","13":"purchasable","14":"product-type-simple","15":"entry","16":"content-bg","17":"loop-entry"},"aioseo_notices":[],"_links":{"self":[{"href":"https:\/\/ortosenior.com.br\/index.php?rest_route=\/wp\/v2\/product\/1508","targetHints":{"allow":["GET"]}}],"collection":[{"href":"https:\/\/ortosenior.com.br\/index.php?rest_route=\/wp\/v2\/product"}],"about":[{"href":"https:\/\/ortosenior.com.br\/index.php?rest_route=\/wp\/v2\/types\/product"}],"wp:featuredmedia":[{"embeddable":true,"href":"https:\/\/ortosenior.com.br\/index.php?rest_route=\/wp\/v2\/media\/1509"}],"wp:attachment":[{"href":"https:\/\/ortosenior.com.br\/index.php?rest_route=%2Fwp%2Fv2%2Fmedia&parent=1508"}],"wp:term":[{"taxonomy":"product_brand","embeddable":true,"href":"https:\/\/ortosenior.com.br\/index.php?rest_route=%2Fwp%2Fv2%2Fproduct_brand&post=1508"},{"taxonomy":"product_cat","embeddable":true,"href":"https:\/\/ortosenior.com.br\/index.php?rest_route=%2Fwp%2Fv2%2Fproduct_cat&post=1508"},{"taxonomy":"product_tag","embeddable":true,"href":"https:\/\/ortosenior.com.br\/index.php?rest_route=%2Fwp%2Fv2%2Fproduct_tag&post=1508"}],"curies":[{"name":"wp","href":"https:\/\/api.w.org\/{rel}","templated":true}]}}