{"id":1791,"date":"2025-04-23T17:42:04","date_gmt":"2025-04-23T17:42:04","guid":{"rendered":"https:\/\/ortosenior.com.br\/?post_type=product&#038;p=1791"},"modified":"2025-06-01T15:46:18","modified_gmt":"2025-06-01T15:46:18","slug":"aluguel-bota-pneumatica-cirurgica-curitiba-e-regiao","status":"publish","type":"product","link":"https:\/\/ortosenior.com.br\/?product=aluguel-bota-pneumatica-cirurgica-curitiba-e-regiao","title":{"rendered":"Aluguel Bota Pneum\u00e1tica cir\u00fargica &#8211; Curitiba e regi\u00e3o"},"content":{"rendered":"<p>O\u00a0compressor da s\u00e9rie Kendall SCD\u2122 700 \u00e9 a tecnologia de compress\u00e3o mais recente da Cardinal Health, fornecendo uma compress\u00e3o sequencial, gradiente e circunferencial clinicamente comprovada para a perna ou p\u00e9. \u00c9 poss\u00edvel usar em\u00a0<strong>uma perna<\/strong>\u00a0e no\u00a0<strong>p\u00e9 oposto simultaneamente<\/strong>\u00a0para ajudar a evitar trombose venosa profunda (TVP) e embolia pulmonar (EP).<\/p>\n<p>O sistema Kendall SCD \u2122 700 aplica compress\u00e3o pneum\u00e1tica intermitente para aumentar o fluxo sangu\u00edneo venoso,\u00a0ajudando a prevenir trombose venosa profunda e embolia pulmonar em pacientes em risco.<\/p>\n<p>&nbsp;<\/p>\n<p><strong>INDICA\u00c7\u00d5ES:<\/strong><\/p>\n<ul>\n<li>O sistema de compress\u00e3o\u00a0Kendall SCD \u2122 700 com os\u00a0<strong>acess\u00f3rios\u00a0de perna<\/strong>\u00a0\u00e9 indicado para:\n<ul>\n<li>Profilaxia para trombose venosa profunda.<\/li>\n<li>Profilaxia de embolia pulmonar.<\/li>\n<\/ul>\n<\/li>\n<li>Com os\u00a0<strong>acess\u00f3rios de\u00a0p\u00e9<\/strong>\u00a0\u00e9 indicado para:\n<ul>\n<li>Aumento da circula\u00e7\u00e3o.<\/li>\n<li>Profilaxia para trombose venosa profunda.<\/li>\n<li>Edema agudo e cr\u00f4nico.<\/li>\n<li>Dor nas extremidades incidente em trauma ou cirurgia.<\/li>\n<li>\u00dalceras de perna.<\/li>\n<li>Estase venosa \/ insufici\u00eancia venosa.<\/li>\n<\/ul>\n<\/li>\n<\/ul>\n<p>&nbsp;<\/p>\n","protected":false},"excerpt":{"rendered":"<p>Atendemos Curitiba e regi\u00e3o.<\/p>\n<p>&nbsp;<\/p>\n<p>Consultar disponibilidade pelo WhatsApp.<\/p>\n","protected":false},"featured_media":1832,"template":"","meta":{"om_disable_all_campaigns":false,"_monsterinsights_skip_tracking":false,"_monsterinsights_sitenote_active":false,"_monsterinsights_sitenote_note":"","_monsterinsights_sitenote_category":0,"_kadence_starter_templates_imported_post":false,"_kad_post_transparent":"default","_kad_post_title":"","_kad_post_layout":"default","_kad_post_sidebar_id":"","_kad_post_content_style":"default","_kad_post_vertical_padding":"default","_kad_post_feature":"","_kad_post_feature_position":"","_kad_post_header":false,"_kad_post_footer":false},"product_brand":[],"product_cat":[61,47,15],"product_tag":[],"class_list":{"0":"post-1791","1":"product","2":"type-product","3":"status-publish","4":"has-post-thumbnail","6":"product_cat-aluguel-bota-pneumatica-curitiba-e-regiao","7":"product_cat-ortopedia","8":"product_cat-uncategorized","10":"first","11":"instock","12":"shipping-taxable","13":"product-type-simple","14":"entry","15":"content-bg","16":"loop-entry"},"aioseo_notices":[],"_links":{"self":[{"href":"https:\/\/ortosenior.com.br\/index.php?rest_route=\/wp\/v2\/product\/1791","targetHints":{"allow":["GET"]}}],"collection":[{"href":"https:\/\/ortosenior.com.br\/index.php?rest_route=\/wp\/v2\/product"}],"about":[{"href":"https:\/\/ortosenior.com.br\/index.php?rest_route=\/wp\/v2\/types\/product"}],"wp:featuredmedia":[{"embeddable":true,"href":"https:\/\/ortosenior.com.br\/index.php?rest_route=\/wp\/v2\/media\/1832"}],"wp:attachment":[{"href":"https:\/\/ortosenior.com.br\/index.php?rest_route=%2Fwp%2Fv2%2Fmedia&parent=1791"}],"wp:term":[{"taxonomy":"product_brand","embeddable":true,"href":"https:\/\/ortosenior.com.br\/index.php?rest_route=%2Fwp%2Fv2%2Fproduct_brand&post=1791"},{"taxonomy":"product_cat","embeddable":true,"href":"https:\/\/ortosenior.com.br\/index.php?rest_route=%2Fwp%2Fv2%2Fproduct_cat&post=1791"},{"taxonomy":"product_tag","embeddable":true,"href":"https:\/\/ortosenior.com.br\/index.php?rest_route=%2Fwp%2Fv2%2Fproduct_tag&post=1791"}],"curies":[{"name":"wp","href":"https:\/\/api.w.org\/{rel}","templated":true}]}}